{"id":1644,"date":"2018-12-10T12:48:39","date_gmt":"2018-12-10T11:48:39","guid":{"rendered":"https:\/\/menegolli1450.it\/?page_id=1644"},"modified":"2019-06-18T09:52:56","modified_gmt":"2019-06-18T07:52:56","slug":"la-nostra-storia","status":"publish","type":"page","link":"https:\/\/menegolli1450.it\/it\/la-nostra-storia\/","title":{"rendered":"La Nostra Storia"},"content":{"rendered":"<div class=\"wpb-content-wrapper\"><p>[vc_row el_class=&#8221;gg-force-background-bottom&#8221;][vc_column][vc_single_image image=&#8221;1921&#8243; img_size=&#8221;medium&#8221; alignment=&#8221;center&#8221; css=&#8221;.vc_custom_1551808167987{margin-right: 5px !important;padding-top: 0px !important;padding-right: 35% !important;padding-bottom: 0px !important;padding-left: 35% !important;}&#8221;]<section id=\"cd-timeline\" class=\"cd-container horizontal\">\n\t<div class=\"cd-timeline-block\">\n\t\t<div class=\"cd-timeline-img\">\n\t\t<\/div>\n\t\t<div class=\"cd-timeline-content\">\n\t\t <img decoding=\"async\" class=\"wp-post-image \" src=\"https:\/\/menegolli1450.it\/wp-content\/uploads\/2018\/10\/1.jpg\" alt=\"\" \/> \n\t\t<div class=\"cd-timeline-content-wrapper\">\n\t\t<p class=\"cd-title\">Datazione Storica<\/p>\n\t\t<p>Il vecchio edificio rurale sembra essere stato il registro dell'anagrafe comunale di Montorio Veronese. Dall'adiacente torre rurale, ora come allora, \u00e8 possibile ammirare una vista a 360 \u00b0 della tenuta.<\/p>\n\t\t<h4 class=\"cd-date\">1450<\/h4>\n\t\t<\/div>\n\t\t<\/div>\n\t<\/div>\n\t<div class=\"cd-timeline-block\">\n\t\t<div class=\"cd-timeline-img\">\n\t\t<\/div>\n\t\t<div class=\"cd-timeline-content\">\n\t\t <img decoding=\"async\" class=\"wp-post-image \" src=\"https:\/\/menegolli1450.it\/wp-content\/uploads\/2018\/10\/4.jpg\" alt=\"\" \/> \n\t\t<div class=\"cd-timeline-content-wrapper\">\n\t\t<p class=\"cd-title\">Nasce il Bisnonno Luigi<\/p>\n\t\t<p>Il bisnonno Luigi, nato nel 1828, ha dato il nome all'attuale vignaiolo. Generazioni e generazioni di agricoltori e produttori di vino che hanno passato la testimonianza dall'epoca romana fino ad oggi.<\/p>\n\t\t<h4 class=\"cd-date\">1828<\/h4>\n\t\t<\/div>\n\t\t<\/div>\n\t<\/div>\n\t<div class=\"cd-timeline-block\">\n\t\t<div class=\"cd-timeline-img\">\n\t\t<\/div>\n\t\t<div class=\"cd-timeline-content\">\n\t\t <img decoding=\"async\" class=\"wp-post-image \" src=\"https:\/\/menegolli1450.it\/wp-content\/uploads\/2018\/11\/angelo-e-palma.jpg\" alt=\"\" \/> \n\t\t<div class=\"cd-timeline-content-wrapper\">\n\t\t<p class=\"cd-title\">Anno di nascita del nonno Angelo<\/p>\n\t\t<p>Tra i suoi figli c'era anche Pietro, ottimo enologo e padre, con Irma, di 8 figli: Giuseppe, Palma, Giovanni, Angelo, Luigi, Maria, Rosa e Gabriella.<br \/>\nTutti si sono dedicati all'agricoltura e poi alle varie attivit\u00e0 che li hanno accompagnati nella vita. Tra di loro, Luigi ha sempre sentito un forte richiamo per l'agricoltura, che lo ha portato ad essere il viticoltore che \u00e8 oggi.<\/p>\n\t\t<h4 class=\"cd-date\">1859<\/h4>\n\t\t<\/div>\n\t\t<\/div>\n\t<\/div>\n\t<div class=\"cd-timeline-block\">\n\t\t<div class=\"cd-timeline-img\">\n\t\t<\/div>\n\t\t<div class=\"cd-timeline-content\">\n\t\t <img decoding=\"async\" class=\"wp-post-image \" src=\"https:\/\/menegolli1450.it\/wp-content\/uploads\/2018\/10\/20180910-A7M3-1-718251-1.jpg\" alt=\"\" \/> \n\t\t<div class=\"cd-timeline-content-wrapper\">\n\t\t<p class=\"cd-title\">La nascita dei Vigneti<\/p>\n\t\t<p>Il pap\u00e0 Pietro Menegolli piant\u00f2 la sua prima vite nel 1913 e inizi\u00f2 la produzione di vino orientandosi alla qualit\u00e0. L'amore e la passione di Pietro per i campi e l'agricoltura prepararono Luigi a diventare un bravo vignaiolo.<\/p>\n\t\t<h4 class=\"cd-date\">1913<\/h4>\n\t\t<\/div>\n\t\t<\/div>\n\t<\/div>\n\t<div class=\"cd-timeline-block\">\n\t\t<div class=\"cd-timeline-img\">\n\t\t<\/div>\n\t\t<div class=\"cd-timeline-content\">\n\t\t <img decoding=\"async\" class=\"wp-post-image \" src=\"https:\/\/menegolli1450.it\/wp-content\/uploads\/2018\/10\/2.jpg\" alt=\"\" \/> \n\t\t<div class=\"cd-timeline-content-wrapper\">\n\t\t<p class=\"cd-title\">Luigi Menegolli<\/p>\n\t\t<p>Oggi viticoltore che, con la moglie Flavia e i figli Dario ed Elsa, porta avanti questa grande passione dedicandosi alla tenuta e producendo vini Valpolicella di alta qualit\u00e0.<\/p>\n\t\t<h4 class=\"cd-date\">1937<\/h4>\n\t\t<\/div>\n\t\t<\/div>\n\t<\/div>\n\t<div class=\"cd-timeline-block\">\n\t\t<div class=\"cd-timeline-img\">\n\t\t<\/div>\n\t\t<div class=\"cd-timeline-content\">\n\t\t <img decoding=\"async\" class=\"wp-post-image \" src=\"https:\/\/menegolli1450.it\/wp-content\/uploads\/2018\/10\/20180910-A7M3-2-720012-1.jpg\" alt=\"\" \/> \n\t\t<div class=\"cd-timeline-content-wrapper\">\n\t\t<p class=\"cd-title\">Nascita della Cantina<\/p>\n\t\t<p>Inizia un lungo percorso di ristrutturazione della cantina, attuale sede della tenuta, con la creazione di una barricaia profonda 12 metri e la valorizzazione dei portici e della casa padronale.<\/p>\n\t\t<h4 class=\"cd-date\">2003<\/h4>\n\t\t<\/div>\n\t\t<\/div>\n\t<\/div>\n\t<div class=\"cd-timeline-block\">\n\t\t<div class=\"cd-timeline-img\">\n\t\t<\/div>\n\t\t<div class=\"cd-timeline-content\">\n\t\t <img decoding=\"async\" class=\"wp-post-image \" src=\"https:\/\/menegolli1450.it\/wp-content\/uploads\/2018\/10\/20180910-A7M3-1-718435.jpg\" alt=\"\" \/> \n\t\t<div class=\"cd-timeline-content-wrapper\">\n\t\t<p class=\"cd-title\">Guinness World Records<\/p>\n\t\t<p>10 anni dopo la famiglia Menegolli vince il Guinness World Records per la pi\u00f9 grande botte di vino del mondo. Un capolavoro di alto livello, costruita interamente in Italia. Attualmente si erge al centro della cantina di invecchiamento, \u00e8 visitabile e contiene 42.909 litri di vino Amarone della Valpolicella.<\/p>\n\t\t<h4 class=\"cd-date\">2013<\/h4>\n\t\t<\/div>\n\t\t<\/div>\n\t<\/div><\/section>[\/vc_column][\/vc_row][vc_row full_width=&#8221;stretch_row_content_no_spaces&#8221; full_height=&#8221;yes&#8221; parallax=&#8221;content-moving&#8221; parallax_image=&#8221;1376&#8243;][vc_column]\n\t<blockquote  class=\"gg-vc-quote \">\n\tPossa il piacere di questa valle rapire anche la tua mente e la tua anima.\n\t<cite>FAMIGLIA MENEGOLLI<\/cite>\n\t<\/blockquote>[\/vc_column][\/vc_row]<\/p>\n<\/div>","protected":false},"excerpt":{"rendered":"<p>[vc_row el_class=&#8221;gg-force-background-bottom&#8221;][vc_column][vc_single_image image=&#8221;1921&#8243; img_size=&#8221;medium&#8221; alignment=&#8221;center&#8221; css=&#8221;.vc_custom_1551808167987{margin-right: 5px !important;padding-top: 0px !important;padding-right: 35% !important;padding-bottom: 0px !important;padding-left: 35% !important;}&#8221;][\/vc_column][\/vc_row][vc_row full_width=&#8221;stretch_row_content_no_spaces&#8221; full_height=&#8221;yes&#8221; parallax=&#8221;content-moving&#8221; parallax_image=&#8221;1376&#8243;][vc_column][\/vc_column][\/vc_row]<\/p>\n","protected":false},"author":1,"featured_media":1944,"parent":0,"menu_order":0,"comment_status":"closed","ping_status":"closed","template":"","meta":{"footnotes":""},"class_list":["post-1644","page","type-page","status-publish","has-post-thumbnail","hentry"],"_links":{"self":[{"href":"https:\/\/menegolli1450.it\/it\/wp-json\/wp\/v2\/pages\/1644","targetHints":{"allow":["GET"]}}],"collection":[{"href":"https:\/\/menegolli1450.it\/it\/wp-json\/wp\/v2\/pages"}],"about":[{"href":"https:\/\/menegolli1450.it\/it\/wp-json\/wp\/v2\/types\/page"}],"author":[{"embeddable":true,"href":"https:\/\/menegolli1450.it\/it\/wp-json\/wp\/v2\/users\/1"}],"replies":[{"embeddable":true,"href":"https:\/\/menegolli1450.it\/it\/wp-json\/wp\/v2\/comments?post=1644"}],"version-history":[{"count":7,"href":"https:\/\/menegolli1450.it\/it\/wp-json\/wp\/v2\/pages\/1644\/revisions"}],"predecessor-version":[{"id":2324,"href":"https:\/\/menegolli1450.it\/it\/wp-json\/wp\/v2\/pages\/1644\/revisions\/2324"}],"wp:featuredmedia":[{"embeddable":true,"href":"https:\/\/menegolli1450.it\/it\/wp-json\/wp\/v2\/media\/1944"}],"wp:attachment":[{"href":"https:\/\/menegolli1450.it\/it\/wp-json\/wp\/v2\/media?parent=1644"}],"curies":[{"name":"wp","href":"https:\/\/api.w.org\/{rel}","templated":true}]}}

<div class="wpb-content-wrapper"><p>[vc_row el_class=&#8221;gg-force-background-bottom&#8221;][vc_column][vc_single_image image=&#8221;1921&#8243; img_size=&#8221;medium&#8221; alignment=&#8221;center&#8221; css=&#8221;.vc_custom_1551808167987{margin-right: 5px !important;padding-top: 0px !important;padding-right: 35% !important;padding-bottom: 0px !important;padding-left: 35% !important;}&#8221;]<section id="cd-timeline" class="cd-container horizontal">
	<div class="cd-timeline-block">
		<div class="cd-timeline-img">
		</div>
		<div class="cd-timeline-content">
		 <img decoding="async" class="wp-post-image " src="https://menegolli1450.it/wp-content/uploads/2018/10/1.jpg" alt="" /> 
		<div class="cd-timeline-content-wrapper">
		<p class="cd-title">Datazione Storica</p>
		<p>Il vecchio edificio rurale sembra essere stato il registro dell'anagrafe comunale di Montorio Veronese. Dall'adiacente torre rurale, ora come allora, è possibile ammirare una vista a 360 ° della tenuta.</p>
		<h4 class="cd-date">1450</h4>
		</div>
		</div>
	</div>
	<div class="cd-timeline-block">
		<div class="cd-timeline-img">
		</div>
		<div class="cd-timeline-content">
		 <img decoding="async" class="wp-post-image " src="https://menegolli1450.it/wp-content/uploads/2018/10/4.jpg" alt="" /> 
		<div class="cd-timeline-content-wrapper">
		<p class="cd-title">Nasce il Bisnonno Luigi</p>
		<p>Il bisnonno Luigi, nato nel 1828, ha dato il nome all'attuale vignaiolo. Generazioni e generazioni di agricoltori e produttori di vino che hanno passato la testimonianza dall'epoca romana fino ad oggi.</p>
		<h4 class="cd-date">1828</h4>
		</div>
		</div>
	</div>
	<div class="cd-timeline-block">
		<div class="cd-timeline-img">
		</div>
		<div class="cd-timeline-content">
		 <img decoding="async" class="wp-post-image " src="https://menegolli1450.it/wp-content/uploads/2018/11/angelo-e-palma.jpg" alt="" /> 
		<div class="cd-timeline-content-wrapper">
		<p class="cd-title">Anno di nascita del nonno Angelo</p>
		<p>Tra i suoi figli c'era anche Pietro, ottimo enologo e padre, con Irma, di 8 figli: Giuseppe, Palma, Giovanni, Angelo, Luigi, Maria, Rosa e Gabriella.<br />
Tutti si sono dedicati all'agricoltura e poi alle varie attività che li hanno accompagnati nella vita. Tra di loro, Luigi ha sempre sentito un forte richiamo per l'agricoltura, che lo ha portato ad essere il viticoltore che è oggi.</p>
		<h4 class="cd-date">1859</h4>
		</div>
		</div>
	</div>
	<div class="cd-timeline-block">
		<div class="cd-timeline-img">
		</div>
		<div class="cd-timeline-content">
		 <img decoding="async" class="wp-post-image " src="https://menegolli1450.it/wp-content/uploads/2018/10/20180910-A7M3-1-718251-1.jpg" alt="" /> 
		<div class="cd-timeline-content-wrapper">
		<p class="cd-title">La nascita dei Vigneti</p>
		<p>Il papà Pietro Menegolli piantò la sua prima vite nel 1913 e iniziò la produzione di vino orientandosi alla qualità. L'amore e la passione di Pietro per i campi e l'agricoltura prepararono Luigi a diventare un bravo vignaiolo.</p>
		<h4 class="cd-date">1913</h4>
		</div>
		</div>
	</div>
	<div class="cd-timeline-block">
		<div class="cd-timeline-img">
		</div>
		<div class="cd-timeline-content">
		 <img decoding="async" class="wp-post-image " src="https://menegolli1450.it/wp-content/uploads/2018/10/2.jpg" alt="" /> 
		<div class="cd-timeline-content-wrapper">
		<p class="cd-title">Luigi Menegolli</p>
		<p>Oggi viticoltore che, con la moglie Flavia e i figli Dario ed Elsa, porta avanti questa grande passione dedicandosi alla tenuta e producendo vini Valpolicella di alta qualità.</p>
		<h4 class="cd-date">1937</h4>
		</div>
		</div>
	</div>
	<div class="cd-timeline-block">
		<div class="cd-timeline-img">
		</div>
		<div class="cd-timeline-content">
		 <img decoding="async" class="wp-post-image " src="https://menegolli1450.it/wp-content/uploads/2018/10/20180910-A7M3-2-720012-1.jpg" alt="" /> 
		<div class="cd-timeline-content-wrapper">
		<p class="cd-title">Nascita della Cantina</p>
		<p>Inizia un lungo percorso di ristrutturazione della cantina, attuale sede della tenuta, con la creazione di una barricaia profonda 12 metri e la valorizzazione dei portici e della casa padronale.</p>
		<h4 class="cd-date">2003</h4>
		</div>
		</div>
	</div>
	<div class="cd-timeline-block">
		<div class="cd-timeline-img">
		</div>
		<div class="cd-timeline-content">
		 <img decoding="async" class="wp-post-image " src="https://menegolli1450.it/wp-content/uploads/2018/10/20180910-A7M3-1-718435.jpg" alt="" /> 
		<div class="cd-timeline-content-wrapper">
		<p class="cd-title">Guinness World Records</p>
		<p>10 anni dopo la famiglia Menegolli vince il Guinness World Records per la più grande botte di vino del mondo. Un capolavoro di alto livello, costruita interamente in Italia. Attualmente si erge al centro della cantina di invecchiamento, è visitabile e contiene 42.909 litri di vino Amarone della Valpolicella.</p>
		<h4 class="cd-date">2013</h4>
		</div>
		</div>
	</div></section>[/vc_column][/vc_row][vc_row full_width=&#8221;stretch_row_content_no_spaces&#8221; full_height=&#8221;yes&#8221; parallax=&#8221;content-moving&#8221; parallax_image=&#8221;1376&#8243;][vc_column]
	<blockquote  class="gg-vc-quote ">
	Possa il piacere di questa valle rapire anche la tua mente e la tua anima.
	<cite>FAMIGLIA MENEGOLLI</cite>
	</blockquote>[/vc_column][/vc_row]</p>
</div>
